- t*x = -71. Calculate the remainder when 64 is divided by s.
12
Let y(s) = s**3 + 14*s**2 + 4*s - 25. Let r be y(-13). Suppose 4*m = -5*o - 0*m + r, 5*o = 3*m + 106. Calculate the remainder when 32 is divided by o.
12
Let r = 94 + 163. What is the remainder when r is divided by 26?
23
Let f = 116 + -88. Calculate the remainder when 110 is divided by f.
26
Let o = 64 - 30. Let c(k) = -10*k - 14. Calculate the remainder when c(-8) is divided by o.
32
Suppose 65 + 37 = 3*h. Suppose -3*p = -3*t + 12, -6*t + p = -t - 40. Calculate the remainder when h is divided by t.
7
Let t be 2*(-40)/5*-19. Suppose 3*b + b = t. Calculate the remainder when b is divided by 11.
10
Let v = 12 - 7. Suppose 0 = 5*l + v*o - 288 - 27, -l + 58 = -4*o. What is the remainder when l is divided by 32?
30
Suppose o - 15 = g - 3*g, -3*o = -5*g - 1. Let c(a) = 3*a**2 - 5*a - 32. What is the remainder when c(o) is divided by 12?
8
Suppose -30 = 8*g - 430. What is the remainder when g is divided by 50?
0
Let h(v) = -86*v - 675. What is the remainder when 329 is divided by h(-8)?
4
Let v(o) = -o**2 - 14*o - 26. Let p be v(-8). Suppose -96 = -p*j + 18*j. Calculate the remainder when j is divided by 6.
0
Let c(k) = k**2 - 10*k - 51. Let u be c(14). Suppose u*l + 6*m = m + 45, -5*l - 2*m = -42. Calculate the remainder when 44 is divided by l.
4
Let t(p) = -4*p + 1. Let f = -257 + 260. Suppose -f*v - a + 54 = 0, -25 = -2*v - 4*a + 21. What is the remainder when v is divided by t(-1)?
2
Let t(y) = y**2 - 2*y - 2. Let j be (-15)/(-10)*4/(-3). Let s be t(j). Suppose 3*f = 45 - s. Calculate the remainder when f is divided by 4.
1
What is the remainder when (-3388)/(-20) - (-30)/(-75) is divided by 77?
15
Let t = 54 - 62. What is the remainder when ((-651)/(-14))/((-6)/t) is divided by 8?
6
What is the remainder when 68 is divided by ((-27)/(-28) - 40/(-140))*28?
33
Suppose 0 = -j - 5*d + 157, -5*j + d + 701 = -2*d. What is the remainder when j is divided by 9?
7
Suppose -3*t + 2*v = -0*t - 32, 32 = 2*t - 4*v. Calculate the remainder when 1632/44 + 4 + (-270)/66 is divided by t.
5
Let k = 91 - 19. Let a = -98 + 118. Calculate the remainder when k is divided by a.
12
Let a = -22 - -16. Let p = 13 - a. What is the remainder when p is divided by 5?
4
Let h be ((-3)/9*-15)/(3/(-24)). What is the remainder when 35 is divided by (4 + -3)/((-2)/h)?
15
Suppose 9 = -6*i + 387. Calculate the remainder when i is divided by 17.
12
Suppose 52 + 88 = 7*n. What is the remainder when 111 is divided by n?
11
Let z = 1387 + -1370. What is the remainder when 339 is divided by z?
16
Let y(f) = f**3 - 12*f**2 + 8*f + 16. Let u = 30 + -19. Let k be y(u). Let q = k - -29. What is the remainder when 22 is divided by q?
10
Let a = -41 - -50. Suppose 4*n - a + 5 = 0. Suppose -4*v = -6 - 2. What is the remainder when v is divided by n?
0
Suppose -3*a + 2*a = 2. Let t be (-4)/2 - 14/a. Suppose -v - 3*v = t*p - 107, -46 = -2*v - 4*p. Calculate the remainder when v is divided by 9.
6
Let x be (-1)/(-4) - (-246)/8. Let z = x + -20. Calculate the remainder when (31/1)/(6 + -5) is divided by z.
9
Suppose 0 = -4*t - 3*a + 60, 0*a - 30 = -2*t - 3*a. Suppose -4 = -2*i, -157 - 73 = -4*v + i. What is the remainder when v is divided by t?
13
Let y(d) = -5*d - 3. Let c be y(-4). Suppose -34 = -3*f + c. Let b = -26 + 59. What is the remainder when b is divided by f?
16
Let h be (15 + -16)*(-1 - 0). Let x be h + (-3 - (-13 - 4)). What is the remainder when 16 is divided by 24/(-10)*x/(-6)?
4
Let h be 3/6*(-2 + 24/3). Suppose -x + 25 = 3*f + 8, 2*x - h*f - 25 = 0. What is the remainder when 40 is divided by x?
12
Suppose -41 = -6*z + 67. Let u = -7 - -18. Let w = z - u. Calculate the remainder when 11 is divided by w.
4
Suppose 0*j + 5*j - 220 = 0. Suppose -2*x - q + 2*q = -47, x - 5*q - 28 = 0. Calculate the remainder when j is divided by x.
21
Suppose -3*w + 5*f + 198 = -37, -2*w + 3*f = -156. What is the remainder when w is divided by 26?
23
Let m(g) = -g**3 - 17*g**2 + 37*g - 19. Let t be m(-19). Calculate the remainder when (t + 6/(-4))*-48 is divided by 20.
12
Let w = 100 - 24. Let p = -1 + w. What is the remainder when p is divided by 13?
10
Let b(r) = -2*r**2 - 12*r + 79. What is the remainder when 87 is divided by b(-9)?
12
Suppose g - 972 = -3*g - 4*b, 0 = -3*g - 4*b + 730. What is the remainder when g is divided by 49?
46
Let v(h) = -63*h + 467. What is the remainder when v(3) is divided by 20?
18
Let d(a) = -a - 11. Let o be d(-5). Let w(q) = -q**3 - 4*q**2 + 10*q + 7. Calculate the remainder when w(o) is divided by 4.
3
Let h = 76 - 74. Suppose -5*j = -h*o + 43, 4*o - o + 2*j = 55. Calculate the remainder when 64 is divided by o.
7
Calculate the remainder when 781 is divided by (-98)/((-6 + 4)/2).
95
Suppose 2 = 5*l + 3*k + 1, -4 = -5*l - 2*k. Calculate the remainder when 17 is divided by (1/l)/((6/44)/3).
6
Let z(v) = -v**2 - 6*v + 2. Let n be z(-3). Let y = n - 8. Let j = 543 - 540. What is the remainder when j is divided by y?
0
Let x = 845 + -823. Calculate the remainder when 262 is divided by x.
20
What is the remainder when 2/(-28) - (-121890)/476 is divided by 43?
41
Let a(w) = -3*w - 39. Suppose 0*z = -z + 21. What is the remainder when z is divided by a(-15)?
3
Let w(k) be the second derivative of k**4/12 - 5*k**3/3 - 3*k**2 + 7*k. Let l be w(13). Suppose -5*m + 8*m = l. What is the remainder when 42 is divided by m?
9
Let c be ((-36)/(-15))/((-6)/(-15)). Suppose 2*b - c = b. What is the remainder when (0/1 - -13) + -2 is divided by b?
5
Let l = 6 + -1. Suppose 7 - 27 = l*m. Calculate the remainder when 58 is divided by (-62)/m - (-2)/(-4).
13
Suppose 2*z - 213 = -43. Let a = -10646 - -10669. What is the remainder when z is divided by a?
16
Let m(x) = -x - 7. Let a(z) = -2*z - 2. Let l be a(3). What is the remainder when m(l) is divided by (-8)/(-12) - 2/(-6)?
0
Suppose -5*x + 575 = o, 0 = -3*o + 2*o. What is the remainder when x is divided by 39?
37
Let x = -1391 + 1457. Calculate the remainder when 74 is divided by x.
8
Suppose 5*h + 2*x = -0*x - 523, -218 = 2*h + 3*x. Let i = h - -147. Let o(v) = -5*v - 15. Calculate the remainder when i is divided by o(-6).
14
Suppose 2*k - 11*g - 103 = -10*g, 5*k = -5*g + 250. Calculate the remainder when k is divided by 27.
24
Suppose -3648 = -15*n - 9*n. Calculate the remainder when n is divided by 66.
20
Let a = 411 + -293. Calculate the remainder when a is divided by 24.
22
Let h be -163 - (1 + 1 + 1). What is the remainder when (-1)/(3 - 2)*h/2 is divided by (21 - -1) + (-3)/3?
20
Let i(v) = -v**2 - 18*v - 6. Let a be (2/6)/(5/(-195)). Calculate the remainder when i(a) is divided by 31.
28
Suppose 12 + 15 = 3*i. Let d(k) = -8*k - 11. Suppose 7*f - 128 = 23*f. What is the remainder when d(f) is divided by i?
8
Suppose 0 = 3*a - 8*a - 4*f + 477, -5*a + 480 = 5*f. Calculate the remainder when 353 is divided by a.
74
Suppose -1127 = -83*z + 81*z - 3*k, 2*k = 2*z - 1112. What is the remainder when z is divided by 17?
15
Suppose 3*y = 149 - 8. Calculate the remainder when (-1 + 4)*y/3 is divided by 12.
11
Let v(h) = 2*h**2 - 2. Let n be v(2). Let q(x) = 8*x**2 - n*x**2 + 12*x + 1 + 2. What is the remainder when 138 is divided by q(-8)?
33
Let t = 538 + -533. Calculate the remainder when (26*1)/((-3)/(-3)) is divided by t.
1
Suppose -3*x - 100 = -6*x + 2*k, 2*x - 2*k - 70 = 0. Suppose -3*j - 957 = -14*j. What is the remainder when j is divided by x?
27
Let x be 12/(-8)*(-20)/6. Suppose -x*f = g - 28, 20 = 4*g + f - 54. What is the remainder when 52 is divided by g?
16
Suppose -11 = -3*d + 4. Suppose 0 = -2*h - 5*g + 72, 0*h - d*h + g = -153. Let l = 120 - 59. Calculate the remainder when l is divided by h.
30
Let c(o) = 5*o + 11. Let k be 2*2/2*4. Let d be c(k). Suppose -s + 52 = 3*u - 46, -u - 4*s = -d. Calculate the remainder when u is divided by 11.
9
Let d(n) = -4*n**3 - n**2 - 2*n - 2. Let w(y) = 9*y**2 + 251*y + 1007. What is the remainder when w(-4) is divided by d(-2)?
27
Let x(k) = k**2 - 5*k - 12. Let c be x(8). Suppose -c*q + 363 + 129 = 0. What is the remainder when q is divided by 11?
8
Let q(l) be the second derivative of -21*l**3/2 + l**2 - l. Let s be q(-1). Let g = s + -31. Calculate the remainder when g is divided by 12.
10
Let a be (402/(-335))/(3*